late the remainder when q is divided by i.
2
Suppose -301 = 82*l - 89*l. Calculate the remainder when l is divided by 22.
21
Let u = -89 + 115. Calculate the remainder when 77 is divided by u.
25
Calculate the remainder when 4/7 + 1110/42 is divided by 15.
12
Suppose c + l = -3*c + 50, 2*l + 32 = 3*c. Let g = -3 - c. Calculate the remainder when 22 is divided by ((-24)/g)/(2/10).
6
Let b = -10 - -6. Let q be (2 - b)*(-2)/(-4). Suppose 0 = 3*a + q, -4*t - 3*a + 75 = -38. Calculate the remainder when t is divided by 8.
5
Let d(h) = 3*h**2 + 5*h - 1. What is the remainder when d(-5) is divided by 13?
10
Suppose -9*h - 391 = -26*h. Suppose -83 = -2*q - 5*r, 2*r + 134 = -q + 4*q. Calculate the remainder when q is divided by h.
21
Let x be ((-11)/(-3))/((-1)/(-3)). Let v = 25 - x. Suppose -5*l + v = k - 21, -3*l = 5*k - 131. Calculate the remainder when k is divided by 9.
7
Let f(g) = g**2 + 4*g - 11. What is the remainder when 158/4 - (-3)/(-6) is divided by f(-7)?
9
Let d(f) = 3*f - 6. Let t = -11 + 19. Let n be -3*(-6)/(-9) + t. What is the remainder when 34 is divided by d(n)?
10
Suppose 0 = 3*y - 9, 2*a - y - 53 = 4*y. What is the remainder when (-38)/(-8)*(-4 - -32) is divided by a?
31
Suppose -4*c - 4*i - 12 = -80, -85 = -5*c + 5*i. Suppose 2*p + 2*l = -2*l - 8, 4*p + 4*l = 4. What is the remainder when c is divided by p?
5
Let n(s) = -s - 1. Let p be n(-3). Suppose -h = p*c - 127, 3*h - 523 = -h - 5*c. Suppose -3*t - 44 = -h. Calculate the remainder when t is divided by 11.
9
Let a be 12 + (1 - 0 - 3). Suppose -5*o = -c + 22, -2*o - 21 = -4*c - 5. Suppose -c*y = -a, 0*y - 8 = -3*j - y. What is the remainder when j is divided by 1?
0
Suppose -a + 5*x + 24 = 0, 3*a - 3 = -2*x + 1. Suppose 0 = 2*f + 8 + a. What is the remainder when (-28)/(-6)*f/(-4) is divided by 3?
1
Let w be ((-1)/2)/(4/(-32)). Suppose -4*o - w*x = -o - 63, -5*x = 15. What is the remainder when 74 is divided by o?
24
Suppose 2*u + 4*o = -5 - 7, 5*u = 4*o + 26. Suppose d - 7 = -x, -4*d + u*x - x + 23 = 0. Calculate the remainder when 17 is divided by d.
5
Calculate the remainder when ((-2)/6)/(6/(-306)) is divided by 4.
1
Suppose -8*s = -2*s - 66. Suppose 0 = 3*x + 5*g - 80, 0 = g + 2. Calculate the remainder when x is divided by s.
8
Let m(y) = y**3 + 3*y**2 - 2*y - 3. Let s be m(-3). Let b be s/1*(0 + 1). Calculate the remainder when 3/(-6)*(-72)/b is divided by 7.
5
Let i(p) = -p**3 - 2*p**2 - 3*p + 2. Let h be i(-3). Suppose -2*j = -h + 4. Suppose 5*d - 8*d + 9 = 0. What is the remainder when j is divided by d?
2
Suppose -4*p = -4 - 4. Let i = 17 + p. What is the remainder when i is divided by (0 + -1)/((-2)/22)?
8
Suppose -9*m + 10*m - 38 = 0. Suppose m = p + 1. Calculate the remainder when p is divided by 20.
17
Suppose -10 + 0 = -5*j, -2*x + 92 = -3*j. Suppose -3*m - 4*t + t + 15 = 0, -m = -4*t. Suppose -13 = -o + m. Calculate the remainder when x is divided by o.
15
What is the remainder when (7 - 121)/(-1 + -1 + 1) is divided by 29?
27
Suppose 9*m - 42 = 3*m. What is the remainder when 8 is divided by m?
1
Let s(f) = 2*f - 6. Let j be s(5). Suppose -5*u + 140 = -u + j*v, 0 = -2*v + 4. What is the remainder when u is divided by (-1*1)/(1/(-17))?
16
Let d = 24 + 7. What is the remainder when d is divided by 12?
7
Suppose 4*a = -f + 2*f + 22, -a - 2*f = -1. Suppose 4*c - 4*q + q = 157, 2*c - 61 = a*q. What is the remainder when c is divided by 15?
13
Calculate the remainder when (-6)/(-45) + 2598/90 is divided by 15.
14
Suppose -4*i = -22 - 50. Let r(j) = -9*j + 0 + 7 + 0. Calculate the remainder when r(-5) is divided by i.
16
Let p be 39/(-6) + (-1)/(-2). Suppose 0 = 5*o - 2*b - 138, -4*b + b = 12. Calculate the remainder when o is divided by ((-9)/p)/(3/28).
12
Suppose -4*m = 2*j + m - 203, j + m - 97 = 0. Calculate the remainder when j is divided by 16.
14
Suppose 6*q - 3*q - 12 = 0. Suppose 0 = q*o - 3*o. Suppose 5*f - 2*w + o*w = 241, 2*f + 4*w = 106. What is the remainder when f is divided by 17?
15
Let x = 0 - -3. Suppose 19 = x*l + 4*m, 2*m - 4*m + 17 = 3*l. Suppose l*a = f - 0*a - 2, -80 = -4*f - 4*a. Calculate the remainder when f is divided by 6.
5
Suppose -9 = -4*r + 27. What is the remainder when r is divided by (5 - 15)*2/(-4)?
4
Suppose 0 = -2*a + a + 5, 49 = 2*c + 5*a. Suppose c = -0*d - 4*d. Calculate the remainder when 22 is divided by (d/(-2) + -1)*16.
6
Let g(i) = i**2 - 6*i - 2. Calculate the remainder when g(9) is divided by 14.
11
Let g(u) = -u**2 - 12*u - 1. Let m be g(-12). Let y be -61 + 3/(-3)*m. What is the remainder when 19 is divided by ((-2)/(-6))/((-2)/y)?
9
Let s(m) = -m + 1. What is the remainder when 42 is divided by s(-14)?
12
Let u = 211 + -193. What is the remainder when 140 is divided by u?
14
Let c = 26 - 20. Let j = 2 - -20. Calculate the remainder when j is divided by c.
4
Let i(r) be the first derivative of 5*r**4 - r**2 + r + 2. Suppose -4*n - n + 5 = 0. What is the remainder when i(n) is divided by 7?
5
Suppose 2*f - 195 = -3*f. Calculate the remainder when f is divided by 20.
19
What is the remainder when 0*4/8 + 25 is divided by 7?
4
Let m(b) be the second derivative of b**4/6 - b**3 - 3*b. Calculate the remainder when 58 is divided by m(5).
18
Suppose -14 = -v - 2*v - 2*d, -3*v + 9 = -3*d. Suppose 0 = 2*i + 4*p - 4, -v*i + p - 6 = -5. Let o = 7 + i. What is the remainder when 25 is divided by o?
4
Let m(b) = -b**3 + 8*b**2 + 2. Let i be m(8). What is the remainder when (-2 + i - -1) + 20 is divided by 8?
5
Suppose 4*a - 4 = v + 17, -5*a + 15 = v. Let x be (-912)/(-7) + a/(-14). What is the remainder when 51 is divided by (1/2)/(5/x)?
12
Let v(b) = -b**3 + 6*b**2 - 3*b + 5. Calculate the remainder when v(5) is divided by 6.
3
Let i(q) = -2*q + 1. Calculate the remainder when 46 is divided by i(-3).
4
Let s be 4/((-3)/(1*-3)). Suppose s*h - 25 = -h. Suppose -h*j + 16 = -3*j. Calculate the remainder when 14 is divided by j.
6
Calculate the remainder when ((-4)/6)/((-4)/210) is divided by 9.
8
Let p = 26 + -10. Calculate the remainder when (-4)/6 + 37*(-10)/(-6) is divided by p.
13
Suppose -l - 4*l - 100 = 0. Let g(q) = 2*q**2 - 4*q + 5. Let z be g(5). Let v = z + l. What is the remainder when 44 is divided by v?
14
Suppose 13 = 3*o - 11. Let p(v) = -v + 1. Let y be p(-4). Suppose 0*r = r - y. What is the remainder when o is divided by r?
3
Let l = -21 + 52. Calculate the remainder when l is divided by 8.
7
Suppose -3*p = p - i - 214, -2*p - 5*i + 96 = 0. Calculate the remainder when p is divided by 9.
8
Suppose 0 = 2*v + 5*q + 13, -2*v - q + 11 = 4. Let s(r) = -r**3 + 7*r**2 - 4*r - 1. Calculate the remainder when 32 is divided by s(v).
10
Suppose 3*p = 5*f + 47, -f + 62 = 5*p + 21. Calculate the remainder when 34 is divided by p.
7
Let y = 499 + -443. What is the remainder when y is divided by 18 - ((-2 - 0) + 1)?
18
Suppose -i = v - 7 - 3, -3*i = 4*v - 42. Suppose v - 42 = -3*g. What is the remainder when g/((-5)/((-50)/4)) is divided by 9?
7
Let s(q) = q**2 + 25*q - 32. What is the remainder when 155 is divided by s(-28)?
51
Let u(k) = k**2 + 4*k + 5. Let f be u(-4). Suppose 3*a - 17 = -f. Suppose o - a*g + 170 = 6*o, -o = g - 34. Calculate the remainder when o is divided by 9.
7
Let k = -23 - -26. Calculate the remainder when k is divided by 3.
0
Let a(x) = x**3 - 8*x**2 + 8*x - 6. Let o be a(7). Let t be o - ((2 - 1) + -2). Calculate the remainder when 5 is divided by 12*(-1 - t)/(-12).
2
Let v be (0 + 1)/(1/4). Suppose 0 = v*h - 96 - 40. What is the remainder when h is divided by 18?
16
Suppose -2*q = -7*q, g - 3*q = 0. Suppose 2*v = g, -3*f = -v - 3*v - 9. Suppose f*r - 5*r + 38 = 0. What is the remainder when r is divided by 7?
5
Suppose -3*u + 1 + 5 = 0. Suppose -2*x + 3*s = -96, -x + 2*s = -u*x + 34. What is the remainder when x is divided by 22?
20
Let o(r) = 3*r**2 + 11*r + 1. Let k(a) = a**2 + 6*a + 1. Let b(h) = -5*k(h) + 3*o(h). Let z = 7 - 5. What is the remainder when b(z) is divided by 7?
6
Let z = 50 + -36. Suppose 4*b + 4 = 2*b, 2*b = -2*n + 78. Calculate the remainder when n is divided by z.
13
Let v(z) = z + 5. Let k be v(-8). Let x = k - -10. What is the remainder when 11 is divided by x?
4
Suppose 4*g - 48 = -4*o, 4*o + 4*g + g = 51. Let r = 1 + 2. Let f = 13 + r. Calculate the remainder when f is